{"id":418,"date":"2021-04-28T11:31:59","date_gmt":"2021-04-28T11:31:59","guid":{"rendered":"https:\/\/demo.pedroferraz.pt\/empresa\/?page_id=418"},"modified":"2022-11-17T14:47:50","modified_gmt":"2022-11-17T14:47:50","slug":"apresentacao","status":"publish","type":"page","link":"https:\/\/www.larsaobras.com\/novo\/apresentacao\/","title":{"rendered":"Apresenta\u00e7\u00e3o"},"content":{"rendered":"<p>[et_pb_section fb_built=&#8221;1&#8243; fullwidth=&#8221;on&#8221; _builder_version=&#8221;4.9.4&#8243;][et_pb_fullwidth_header title=&#8221;Apresenta\u00e7\u00e3o&#8221; _builder_version=&#8221;4.9.4&#8243; title_font=&#8221;|600|||||||&#8221; background_color=&#8221;#ffffff&#8221; background_color_gradient_direction=&#8221;146deg&#8221; background_image=&#8221;https:\/\/www.larsaobras.com\/wp-content\/uploads\/2021\/04\/header_3.jpg&#8221; custom_padding=&#8221;||140px|||&#8221; hover_enabled=&#8221;0&#8243; sticky_enabled=&#8221;0&#8243;][\/et_pb_fullwidth_header][\/et_pb_section][et_pb_section fb_built=&#8221;1&#8243; inner_shadow=&#8221;on&#8221; admin_label=&#8221;section&#8221; _builder_version=&#8221;3.22&#8243; transparent_background=&#8221;off&#8221;][et_pb_row admin_label=&#8221;row&#8221; _builder_version=&#8221;4.9.4&#8243; background_size=&#8221;initial&#8221; background_position=&#8221;top_left&#8221; background_repeat=&#8221;repeat&#8221; custom_margin=&#8221;||0px||false|false&#8221; custom_padding=&#8221;||0px||false|false&#8221;][et_pb_column type=&#8221;4_4&#8243; _builder_version=&#8221;3.25&#8243; custom_padding=&#8221;|||&#8221; custom_padding__hover=&#8221;|||&#8221;][et_pb_text admin_label=&#8221;Historial &#8221; _builder_version=&#8221;4.9.4&#8243; background_size=&#8221;initial&#8221; background_position=&#8221;top_left&#8221; background_repeat=&#8221;repeat&#8221; custom_margin=&#8221;||0px||false|false&#8221; use_border_color=&#8221;off&#8221; border_style=&#8221;solid&#8221;]<\/p>\n<h1><strong>Apresenta\u00e7\u00e3o<\/strong><\/h1>\n<p>[\/et_pb_text][et_pb_divider divider_weight=&#8221;4px&#8221; _builder_version=&#8221;4.9.4&#8243; _module_preset=&#8221;default&#8221; width=&#8221;7%&#8221;][\/et_pb_divider][\/et_pb_column][\/et_pb_row][et_pb_row _builder_version=&#8221;4.9.4&#8243; _module_preset=&#8221;default&#8221;][et_pb_column type=&#8221;4_4&#8243; _builder_version=&#8221;4.9.4&#8243; _module_preset=&#8221;default&#8221;][et_pb_text _builder_version=&#8221;4.9.4&#8243; _module_preset=&#8221;default&#8221;]<\/p>\n<p style=\"text-align: justify;\">Caro (a) novo (a) utente,<\/p>\n<p style=\"text-align: justify;\">\u00c9 com o maior prazer que lhe damos as boas vindas, como novo membro do Lar S\u00e3o Br\u00e1s.<\/p>\n<p style=\"text-align: justify;\">Estamos orgulhosos do nosso Lar, pois existe sempre uma preocupa\u00e7\u00e3o da nossa parte em proporcionar aos nossos utentes uma melhoria de qualidade de vida e bem-estar global.<\/p>\n<p style=\"text-align: justify;\">Para facilitar a sua integra\u00e7\u00e3o, prepar\u00e1mos este Manual, que agrupa informa\u00e7\u00f5es relativas \u00e0 Institui\u00e7\u00e3o, para melhor conhecimento desta, nomeadamente, dos servi\u00e7os prestados, do seu funcionamento e hor\u00e1rios.<\/p>\n<p style=\"text-align: justify;\">Esperamos corresponder \u00e0s suas expectativas.<br \/>Seja bem-vindo!<\/p>\n<p>[\/et_pb_text][\/et_pb_column][\/et_pb_row][et_pb_row column_structure=&#8221;1_2,1_2&#8243; _builder_version=&#8221;4.9.4&#8243; _module_preset=&#8221;default&#8221;][et_pb_column type=&#8221;1_2&#8243; _builder_version=&#8221;4.9.4&#8243; _module_preset=&#8221;default&#8221;][et_pb_text _builder_version=&#8221;4.9.4&#8243; _module_preset=&#8221;default&#8221;]<\/p>\n<h3><strong>Breve Caracteriza\u00e7\u00e3o do Lar<\/strong><\/h3>\n<p style=\"text-align: justify;\">O Lar S\u00e3o Br\u00e1s foi inaugurado em 01 de Junho de 2001.<br \/>Trata-se de uma estrutura moderna, ampla e bem equipada, disp\u00f5e de um servi\u00e7o de qualidade, quartos confort\u00e1veis (16 duplos e 8 individuais),sistema de comunica\u00e7\u00e3o de chamadas e vigil\u00e2ncia, aquecimento central, circuito de televis\u00e3o nos quartos, musica ambiente, pessoal seleccionado, servi\u00e7o de enfermagem, assist\u00eancia m\u00e9dica, religiosa e social, espa\u00e7os verdes e salas de conv\u00edvio, tempos livres e lazer. <br \/>Fazemos visitas e desloca\u00e7\u00f5es de lazer, \u00e0 praia e ao campo.<br \/>A alimenta\u00e7\u00e3o \u00e9 cuidada e adaptada \u00e1s exig\u00eancias da Sa\u00fade de cada um.<strong><br \/><\/strong><\/p>\n<p>[\/et_pb_text][\/et_pb_column][et_pb_column type=&#8221;1_2&#8243; _builder_version=&#8221;4.9.4&#8243; _module_preset=&#8221;default&#8221;][et_pb_image src=&#8221;https:\/\/demo.pedroferraz.pt\/empresa\/wp-content\/uploads\/2021\/04\/3-1030&#215;687-1.jpg&#8221; _builder_version=&#8221;4.9.4&#8243; _module_preset=&#8221;default&#8221;][\/et_pb_image][\/et_pb_column][\/et_pb_row][et_pb_row column_structure=&#8221;1_2,1_2&#8243; _builder_version=&#8221;4.9.4&#8243; _module_preset=&#8221;default&#8221;][et_pb_column type=&#8221;1_2&#8243; _builder_version=&#8221;4.9.4&#8243; _module_preset=&#8221;default&#8221;][et_pb_image src=&#8221;https:\/\/demo.pedroferraz.pt\/empresa\/wp-content\/uploads\/2021\/05\/PFz_20190211_183532_JOGO.jpg&#8221; _builder_version=&#8221;4.9.4&#8243; _module_preset=&#8221;default&#8221;][\/et_pb_image][\/et_pb_column][et_pb_column type=&#8221;1_2&#8243; _builder_version=&#8221;4.9.4&#8243; _module_preset=&#8221;default&#8221;][et_pb_text _builder_version=&#8221;4.9.4&#8243; _module_preset=&#8221;default&#8221;]<\/p>\n<h3><strong>Localiza\u00e7\u00e3o Geogr\u00e1fica do Lar<\/strong><\/h3>\n<p style=\"text-align: justify;\">Situado \u00e0 entrada do Pinhal de Leiria, junto \u00e1 Capela de S. Br\u00e1s, na acolhedora povoa\u00e7\u00e3o da \u00c1gua Formosa, a meio caminho entre Figueira da Foz e Leiria e entre o mar e a Vila de Pombal, rodeado pelas hospitaleiras vilas da Guia e Monte Redondo, e as aldeias da Mata Mourisca, Ilha, Carnide e Bajouca. O \u201cS. Br\u00e1s\u201d foi concebido, e constru\u00eddo para proporcionar um Servi\u00e7o de qualidade, conforto e carinho, \u00e0queles que nos cofiarem os seus cuidados nesta fase da sua vida. E tamb\u00e9m para dar tranquilidade aos familiares que, estando longe, desejam para os seus ente-queridos os melhores cuidados.<strong><br \/><\/strong><\/p>\n<p>[\/et_pb_text][\/et_pb_column][\/et_pb_row][\/et_pb_section][et_pb_section fb_built=&#8221;1&#8243; admin_label=&#8221;section&#8221; _builder_version=&#8221;3.22&#8243; background_color=&#8221;#f2f2f2&#8243; locked=&#8221;off&#8221;][et_pb_row column_structure=&#8221;1_2,1_2&#8243; _builder_version=&#8221;4.9.4&#8243; _module_preset=&#8221;default&#8221;][et_pb_column type=&#8221;1_2&#8243; _builder_version=&#8221;4.9.4&#8243; _module_preset=&#8221;default&#8221;][et_pb_text _builder_version=&#8221;4.9.4&#8243; _module_preset=&#8221;default&#8221;]<\/p>\n<h1>Miss\u00e3o<\/h1>\n<p style=\"text-align: justify;\">A miss\u00e3o deste Lar consiste em atender e acolher indiv\u00edduos, cuja problem\u00e1tica biopsicossocial n\u00e3o seja pass\u00edvel de outra resposta; garantir servi\u00e7os de car\u00e1cter tempor\u00e1rio ou permanente,<br \/>adequados \u00e0 satisfa\u00e7\u00e3o das necessidades dos seus residentes e funcionar como estrutura de alojamento colectivo que proporcione, para al\u00e9m dos cuidados b\u00e1sicos de sa\u00fade, higiene e conforto do residente, todas as condi\u00e7\u00f5es facilitadoras de integra\u00e7\u00e3o e do seu bem-estar global.<\/p>\n<p style=\"text-align: justify;\">Ou seja,<\/p>\n<p style=\"text-align: justify;\">Promover qualidade de vida aos utentes: \u201c<strong>DAR MAIS VIDA AOS ANOS<\/strong>\u201d.<\/p>\n<p>[\/et_pb_text][\/et_pb_column][et_pb_column type=&#8221;1_2&#8243; _builder_version=&#8221;4.9.4&#8243; _module_preset=&#8221;default&#8221;][et_pb_text _builder_version=&#8221;4.9.4&#8243; _module_preset=&#8221;default&#8221;]<\/p>\n<h1>Vis\u00e3o<\/h1>\n<p style=\"text-align: justify;\">Procura de uma posi\u00e7\u00e3o de destaque na sua \u00e1rea geogr\u00e1fica.<\/p>\n<p>[\/et_pb_text][\/et_pb_column][\/et_pb_row][\/et_pb_section][et_pb_section fb_built=&#8221;1&#8243; _builder_version=&#8221;4.9.4&#8243; _module_preset=&#8221;default&#8221;][et_pb_row admin_label=&#8221;row&#8221; _builder_version=&#8221;4.9.4&#8243; background_size=&#8221;initial&#8221; background_position=&#8221;top_left&#8221; background_repeat=&#8221;repeat&#8221; custom_margin=&#8221;||0px||false|false&#8221; custom_padding=&#8221;||0px||false|false&#8221;][et_pb_column type=&#8221;4_4&#8243; _builder_version=&#8221;3.25&#8243; custom_padding=&#8221;|||&#8221; custom_padding__hover=&#8221;|||&#8221;][et_pb_text admin_label=&#8221;Historial &#8221; _builder_version=&#8221;4.9.4&#8243; background_size=&#8221;initial&#8221; background_position=&#8221;top_left&#8221; background_repeat=&#8221;repeat&#8221; custom_margin=&#8221;||0px||false|false&#8221; use_border_color=&#8221;off&#8221; border_style=&#8221;solid&#8221;]<\/p>\n<h1><strong>Organograma<\/strong><\/h1>\n<p>[\/et_pb_text][et_pb_divider divider_weight=&#8221;4px&#8221; _builder_version=&#8221;4.9.4&#8243; _module_preset=&#8221;default&#8221; width=&#8221;7%&#8221;][\/et_pb_divider][\/et_pb_column][\/et_pb_row][et_pb_row _builder_version=&#8221;4.9.4&#8243; _module_preset=&#8221;default&#8221;][et_pb_column type=&#8221;4_4&#8243; _builder_version=&#8221;4.9.4&#8243; _module_preset=&#8221;default&#8221;][et_pb_image src=&#8221;https:\/\/demo.pedroferraz.pt\/empresa\/wp-content\/uploads\/2021\/04\/Organograma.jpg&#8221; align=&#8221;center&#8221; _builder_version=&#8221;4.9.4&#8243; _module_preset=&#8221;default&#8221;][\/et_pb_image][\/et_pb_column][\/et_pb_row][\/et_pb_section]<\/p>\n","protected":false},"excerpt":{"rendered":"<p>Apresenta\u00e7\u00e3oCaro (a) novo (a) utente, \u00c9 com o maior prazer que lhe damos as boas vindas, como novo membro do Lar S\u00e3o Br\u00e1s. Estamos orgulhosos do nosso Lar, pois existe sempre uma preocupa\u00e7\u00e3o da nossa parte em proporcionar aos nossos utentes uma melhoria de qualidade de vida e bem-estar global. Para facilitar a sua integra\u00e7\u00e3o, [&hellip;]<\/p>\n","protected":false},"author":2,"featured_media":0,"parent":0,"menu_order":0,"comment_status":"closed","ping_status":"closed","template":"","meta":{"_et_pb_use_builder":"on","_et_pb_old_content":"","_et_gb_content_width":"","footnotes":""},"class_list":["post-418","page","type-page","status-publish","hentry"],"_links":{"self":[{"href":"https:\/\/www.larsaobras.com\/novo\/wp-json\/wp\/v2\/pages\/418","targetHints":{"allow":["GET"]}}],"collection":[{"href":"https:\/\/www.larsaobras.com\/novo\/wp-json\/wp\/v2\/pages"}],"about":[{"href":"https:\/\/www.larsaobras.com\/novo\/wp-json\/wp\/v2\/types\/page"}],"author":[{"embeddable":true,"href":"https:\/\/www.larsaobras.com\/novo\/wp-json\/wp\/v2\/users\/2"}],"replies":[{"embeddable":true,"href":"https:\/\/www.larsaobras.com\/novo\/wp-json\/wp\/v2\/comments?post=418"}],"version-history":[{"count":14,"href":"https:\/\/www.larsaobras.com\/novo\/wp-json\/wp\/v2\/pages\/418\/revisions"}],"predecessor-version":[{"id":666,"href":"https:\/\/www.larsaobras.com\/novo\/wp-json\/wp\/v2\/pages\/418\/revisions\/666"}],"wp:attachment":[{"href":"https:\/\/www.larsaobras.com\/novo\/wp-json\/wp\/v2\/media?parent=418"}],"curies":[{"name":"wp","href":"https:\/\/api.w.org\/{rel}","templated":true}]}}